4) to base 16
4d3
Convert 3d6 (base 15) to base 14.
468
713 (base 8) to base 12
323
Convert 433340 (base 5) to base 11.
10176
Convert 50501 (base 6) to base 9.
10121
5024 (base 6) to base 13
664
-31012 (base 4) to base 15
-3ad
What is -830 (base 11) in base 2?
-1111101001
-22110 (base 5) to base 3
-2002200
Convert -927 (base 12) to base 8.
-2457
-7b (base 14) to base 8
-155
Convert -20131 (base 4) to base 10.
-541
What is 1162 (base 8) in base 14?
32a
-20022201 (base 3) to base 7
-16303
What is 12286 (base 9) in base 8?
20103
a78 (base 13) to base 7
5134
What is 6834 (base 11) in base 4?
2030133
What is -7795 (base 10) in base 3?
-101200201
-605 (base 15) to base 8
-2513
Convert -2384 (base 16) to base 4.
-2032010
-4612 (base 10) to base 4
-1020010
Convert -487a (base 11) to base 8.
-14353
Convert 3756 (base 11) to base 12.
2a05
9191 (base 11) to base 7
50366
11022211 (base 3) to base 11
2408
-2668 (base 11) to base 7
-13044
266 (base 11) to base 13
1b2
What is 65b3 (base 12) in base 10?
11223
bd2d (base 15) to base 16
9c9d
What is 380 (base 15) in base 6?
3403
Convert 612 (base 14) to base 16.
4a8
Convert 19460 (base 10) to base 16.
4c04
2201221 (base 3) to base 7
5551
-40266 (base 8) to base 7
-66204
9c6 (base 13) to base 15
773
Convert 2314311 (base 5) to base 14.
1135d
-55 (base 6) to base 9
-38
What is -101322 (base 4) in base 8?
-2172
Convert -46904 (base 10) to base 9.
-71305
What is -313333 (base 4) in base 14?
-143d
1334121 (base 5) to base 8
65423
-2022100 (base 3) to base 10
-1683
Convert -33341 (base 5) to base 9.
-3186
What is -10043 (base 8) in base 9?
-5600
What is -5b3 (base 14) in base 4?
-101301
-2b70 (base 12) to base 15
-17b9
-317a (base 15) to base 16
-28e1
Convert -509 (base 15) to base 11.
-941
What is 17193 (base 15) in base 3?
10210100110
Convert 7307 (base 9) to base 4.
1103221
3235 (base 9) to base 7
6641
Convert 2234 (base 6) to base 2.
1000001110
What is 311101 (base 4) in base 9?
4607
Convert 6203 (base 7) to base 8.
4157
23120 (base 7) to base 16
1706
Convert -126 (base 8) to base 2.
-1010110
-165d (base 16) to base 5
-140400
53452 (base 8) to base 11
15846
11101 (base 2) to base 8
35
Convert 97c (base 15) to base 14.
ad0
Convert -7c76 (base 16) to base 8.
-76166
What is 556d (base 14) in base 11?
10132
-75616 (base 8) to base 13
-11521
What is 495a (base 13) in base 2?
10100010010000
-280a (base 11) to base 3
-11222211
480a (base 13) to base 15
301a
What is -448 (base 13) in base 9?
-1007
What is 5770 (base 8) in base 4?
233320
Convert -4116 (base 8) to base 5.
-32001
Convert 3326 (base 9) to base 2.
100110010110
Convert 10000010100 (base 2) to base 4.
100110
What is -324 (base 13) in base 7?
-1365
What is -7e94 (base 16) in base 4?
-13322110
Convert 25505 (base 13) to base 7.
405020
e77 (base 15) to base 6
23034
Convert 718 (base 10) to base 9.
877
What is 304433 (base 6) in base 15?
733c
What is -198 (base 11) in base 6?
-1020
What is 603 (base 14) in base 8?
2233
What is 152022 (base 6) in base 9?
22145
-7300 (base 10) to base 15
-226a
147 (base 15) to base 16
124
Convert 11220 (base 4) to base 12.
260
Convert -3547 (base 10) to base 3.
-11212101
12323 (base 4) to base 5
3233
What is -3549 (base 10) in base 14?
-1417
-650 (base 8) to base 14
-224
Convert -596 (base 14) to base 2.
-10001011000
What is 46602 (base 9) in base 15?
933b
What is -100101001010 (base 2) in base 16?
-94a
What is 10433 (base 11) in base 9?
22715
-1060 (base 13) to base 4
-203203
Convert 121010 (base 4) to base 15.
71e
Convert -100 (base 7) to base 3.
-1211
-b4c7 (base 15) to base 4
-21111010
What is -330210 (base 4) in base 8?
-7444
-ab34 (base 15) to base 12
-18baa
Convert 400 (base 7) to base 2.
11000100
Convert 17ed (base 16) to base 3.
22101212
-2012222 (base 3) to base 14
-839
Convert 1782a (base 13) to base 4.
23010100
What is -115204 (base 6) in base 9?
-15024
What is 1e7 (base 15) in base 16?
1ba
What is 11c1 (base 16) in base 13?
20b8
What is -2264 (base 10) in base 3?
-10002212
What is -61b2 (base 15) in base 2?
-101000010100010
What is 497 (base 14) in base 8?
1625
What is -1343 (base 10) in base 16?
-53f
Convert -23246 (base 8) to base 12.
-5886
Convert -aa54 (base 11) to base 15.
-44be
What is 1110220202 (base 3) in base 16?
71ab
Convert 42 (base 5) to base 12.
1a
What is 1350 (base 9) in base 8?
1771
-422 (base 6) to base 14
-b4
Convert -844 (base 15) to base 7.
-5302
What is -38c (base 14) in base 13?
-42a
Convert -250 (base 7) to base 4.
-2011
Convert -154043 (base 6) to base 5.
-441042
111010110 (base 2) to base 14
258
-31552 (base 7) to base 4
-1322110
-164404 (base 7) to base 4
-20000101
What is -12030 (base 4) in base 6?
-1500
1101100110100 (base 2) to base 3
100112221
What is -13012 (base 4) in base 3?
-121211
Convert 1230132 (base 4) to base 11.
5241
Convert -150077 (base 8) to base 7.
-311266
120002 (base 3) to base 4
12113
-1120 (base 11) to base 8
-2702
What is 122 (base 11) in base 3?
12101
1156 (base 11) to base 2
10111101001
What is 3233032 (base 4) in base 11?
10559
What is -276 (base 15) in base 6?
-2333
Convert 1402 (base 5) to base 2.
11100011
Convert -1220201110 (base 3) to base 6.
-450320
What is 24114 (base 5) in base 6?
12132
Convert -122354 (base 6) to base 8.
-25276
-321 (base 5) to base 14
-62
Convert -682 (base 10) to base 4.
-22222
What is a62 (base 12) in base 2?
10111101010
496 (base 11) to base 10
589
Convert -20044 (base 6) to base 2.
-101000111100
What is 3433 (base 5) in base 2?
111101101
-e6de (base 15) to base 9
-73852
31850 (base 11) to base 5
2440102
Convert -61627 (base 8) to base 6.
-314011
Convert 100110101100111 (base 2) to base 8.
46547
What is 33321322 (base 4) in base 3?
10022100211
What is -8b (base 13) in base 5?
-430
-344423 (base 5) to base 3
-122010112
What is -ee (base 16) in base 3?
-22211
What is -36930 (base 10) in base 9?
-55583
111101011111 (base 2) to base 9
5352
Convert 1558 (base 11) to base 10.
1999
b058 (base 15) to base 16
9158
What is -100001111000 (base 2) in base 14?
-b0c
Convert 2024 (base 5) to base 6.
1120
-9431 (base 13) to base 5
-1123424
321404 (base 6) to base 3
1100001111
What is 120330 (base 4) in base 12?
b10
-1a62a (base 12) to base 3
-1222101021
What is 1856 (base 9) in base 2?
10110010100
Convert 59a (base 12) to base 9.
1131
What is -15516 (base 7) in base 11?
-3317
Convert 506 (base 10) to base 9.
622
Convert 185 (base 10) to base 14.
d3
Convert -202220001 (base 3) to base 13.
-6c16
e54 (base 16) to base 5
104133
2221 (base 5) to base 14
183
Convert -112022221 (base 3) to base 12.
-6067
Convert 204 (base 10) to base 14.
108
Convert -11320 (base 5) to base 7.
-2302
What is -575 (base 14) in base 15?
-4c3
Convert 10000001001011 (base 2) to base 3.
102100012
Convert 85a9 (base 13) to base 8.
44200
What is 1722 (base 8) in base 5?
12403
What is 10b8 (base 13) in base 2?
100100101100
What is -a08 (base 12) in base 8?
-2650
What is 341a (base 16) in base 8?
32032
-293 (base 11) to base 14
-1a8
14403 (base 9) to base 12
5810
Convert 19c (base 15) to base 12.
270
Convert -14833 (base 10) to base 3.
-202100101
What is -212200 (base 3) in base 2?
-1001111111
-30552 (base 7) to base 6
-54353
-16052 (base 11) to base 16
-589c
-1010100 (base 3) to base 14
-427
What is 3121020 (base 4) in base 5?
421041
Convert -164550 (base 7) to base 4.
-20001201
What is -3241 (base 14) in base 3?
-102220112
Convert 16 (base 9) to base 13.
12
Convert 101010010000101 (base 2) to base 14.
7c57
-142 (base 9) to base 11
-a9
Convert 3a3 (base 13) to base 15.
2ca
11526 (base 9) to base 5
221334
Convert -70 (base 14) to base 2.
-1100010
Convert -7532 (base 13) to base 12.
-94b5
Convert -67 (base 15) to base 16.
-61
What is 16036 (base 8) in base 10?
7198
13b2 (base 16) to base 8
11662
Convert 102141 (base 6) to base 3.
102100021
What is -314350 (base 6) in base 14?
-94a6
Convert 110 (base 6) to base 9.
46
Convert -2354 (base 11) to base 2.
-110000001100
What is 5aef (base 16) in base 7?
124604
Convert 796 (base 10) to base 12.
564
What is -1b0 (base 16) in base 15?
-1dc
What is -1144 (base 6) in base 5?
-2110
Convert -572 (base 9) to base 13.
-2a2
Convert -20065 (base 7) to base 8.
-11361
51514 (base 10) to base 14
14ab8
Convert -232 (base 8) to base 12.
-10a
What is -13445 